2 + 9*o. Is w(2) prime?
False
Suppose -5*c + 3*p = -2*p - 35220, 4*c = -4*p + 28184. Is c prime?
False
Let o = 11 - 8. Suppose o*q + 11 - 74 = 0. Is q a prime number?
False
Let u(h) = -22*h + 21. Is u(-16) prime?
True
Is 6/(-4)*5296/(-24) a composite number?
False
Let j be (-14)/(-35) - 76/(-10). Let s(v) be the first derivative of -v**3/3 + 9*v**2/2 + 11*v + 1. Is s(j) composite?
False
Suppose 40*s - 45*s + 265 = 0. Is s composite?
False
Let t(g) be the third derivative of g**2 + 0*g - g**3 + 0 - 31/24*g**4. Is t(-5) a composite number?
False
Let m(u) = -83*u + 4. Let z(h) = h + 1. Let p(o) = -m(o) + 6*z(o). Let w be p(3). Suppose -2*n + 5*s = -115, 3*s + 0*s - w = -4*n. Is n prime?
False
Let f be (-1 - 0)/(-1 - -2). Is (f/(-3))/((-6)/(-54)) composite?
False
Is -1 + 91 + (-3 - 0) a composite number?
True
Let q = 3 + 6. Suppose 5*b - 8*b + q = 0. Is b a composite number?
False
Let q(f) = f + 4. Let p(b) = 3*b + 7. Let d(c) = -3*p(c) + 5*q(c). Let x be d(-1). Suppose x*i - 139 - 260 = 0. Is i a prime number?
False
Suppose y - 3*g + 4 = 0, 5 = -5*y + g + 13. Suppose y*w - 6*w = -32. Suppose -w*r + 188 = -4*r. Is r a composite number?
False
Suppose u + f - 2*f = 71, -4*u - 5*f = -284. Is u a prime number?
True
Let y(u) = u**3 - 2*u**2 - u + 9. Let o be y(7). Suppose 3*x - 5*d + 2*d - 279 = 0, 3*x = -5*d + o. Is x a composite number?
False
Suppose 0 = -2*y - 5*n + 153, 2*y = 4*y + 2*n - 156. Is y a composite number?
False
Let t(b) = -161*b - 1. Let z be t(-1). Suppose 4*c - 644 = z. Is c a composite number?
True
Let g(y) = -y**3 - y**2 + 1. Let w(i) = -i**3 - 9*i**2 + 5*i + 4. Let h(v) = 2*g(v) - w(v). Let l be h(6). Suppose 8 + 132 = l*u. Is u composite?
True
Suppose -2*l - 24 = 2*l. Let y be ((-9)/2)/(l/(-8)). Is 4/24 - 347/y a prime number?
False
Let b = 930 + -533. Is b a prime number?
True
Is 2*(-18)/12 + 4*686 prime?
True
Let i(n) = -7*n**3 + n**2 - 5*n - 6. Is i(-5) composite?
False
Let f(i) = 4*i - 2*i - 4*i + 3*i - 1. Let g be f(-3). Is (10/15)/(g/(-294)) a composite number?
True
Let j(r) = -43*r + 5. Is j(-4) prime?
False
Let z(c) = 71*c**2 - 6*c. Let b be z(6). Suppose -4*s = l - b, -4*s = -4*l - 3285 + 745. Is s a composite number?
False
Let i be 316*(-1 + (-2)/(-4)). Let g = 97 - i. Suppose 0*y - g = -3*y. Is y a prime number?
False
Let k be 2/(-5)*(1 + 4). Suppose b = -3*b - 4. Is 14 + (k*1 - b) prime?
True
Let v(g) = -g + 1. Let l = 5 - 0. Let o be v(l). Is ((-170)/o)/((-2)/(-4)) prime?
False
Let q = -2684 - -4008. Let d = q - 309. Suppose -4*h + d = h. Is h a prime number?
False
Let b be 9/3*1 - 3. Suppose 0 = 2*v - 6 - 182. Is (v/(-2))/(-1 - b) composite?
False
Suppose l = 2*k + 13 + 8, 5*l = 5*k + 45. Let g(t) = -t**2 + t + 8. Let s be g(0). Is 106/(-3)*k/s composite?
False
Is (-1 - 1 - -3)/((-1)/(-677)) composite?
False
Suppose 77 = 5*i - 38. Is i prime?
True
Let o be (-10)/(-3)*(-6)/(-4). Suppose 0 = -2*b + 4*p + 106, -o*p + 186 = 3*b + b. Is b a prime number?
False
Suppose -2*x - 24 = w - 2*w, w - 5*x = 15. Suppose 0 = 3*r - r - w. Let p = r + -8. Is p composite?
False
Let c(t) = 12*t**2. Let i be c(2). Let n(l) = -13*l**3 - 3*l**2 - 3*l - 3. Let k be n(-2). Let z = k - i. Is z a composite number?
False
Let n be 0*(-3 + (-15)/(-6)). Suppose -4*w - 29 = -197. Suppose 0 = -n*g - 3*g + w. Is g a composite number?
True
Let k(p) = -15*p**3 - 5*p**2 - 5*p - 1. Is k(-6) composite?
False
Let g(x) = -x - 1. Let b(p) = 4*p + 6. Let j(f) = 3*b(f) + 14*g(f). Let k be j(4). Is (-102)/(-14) + k/14 prime?
True
Let q be ((-58)/6)/(3/(-504)). Suppose 6*p - 2*p = q. Suppose 2*h = -0*j - j + p, -20 = 5*j. Is h a prime number?
False
Let n(o) = 3*o - 20. Let p(t) = t - 10. Let c(v) = -4*n(v) + 9*p(v). Is c(-8) a prime number?
False
Let q(k) = -44*k**3 + k - 1. Let y be q(1). Let o be (y/6)/((-3)/(-36)). Let j = -3 - o. Is j a composite number?
True
Let c be (6/10)/((-11)/55). Let z(t) = 14*t**2 + 3*t - 4. Is z(c) prime?
True
Let n = 191 - -207. Is n a composite number?
True
Let k = 1284 - 805. Is k a composite number?
False
Let f(u) = 13*u**2 + 3*u + 1. Is f(3) a composite number?
False
Let q = 1573 - 708. Is q a composite number?
True
Let c(o) = -8*o - 1. Let q be c(4). Suppose 0*g - 5*g = -275. Let t = q + g. Is t a composite number?
True
Let m = -1 - -1. Let z = 15 + m. Is z prime?
False
Suppose -11*g - 7821 = -20*g. Is g prime?
False
Suppose -5*s = -2*i - 0*s - 19, -s = -5. Suppose -i*t = -t. Suppose t = -2*w + 18 + 164. Is w prime?
False
Let d(j) = -j**2 - 3*j + 2. Let g be d(-2). Suppose -4*k + 112 = -g*p, -3*k - 5*p = -0*p - 108. Is k a composite number?
False
Let l(r) = 2*r**3 + 4*r**2 - 5*r + 3. Let q be l(8). Suppose q = 5*m - 4*h + 234, m = 2*h + 203. Is m a composite number?
True
Let h(b) = -b**3 - 4*b**2 + b + 1. Let q be 8 + 6 - (1 + 2). Let x = -17 + q. Is h(x) a composite number?
False
Suppose 2*u - 22 = 5*u + 5*q, 2*u + q = -10. Is (1 + u)*(-14)/3 composite?
True
Let c be (1 - 0)/((-2)/10). Let s be c/(-10) + 1/(-2). Suppose 4*q + 4 - 28 = s. Is q prime?
False
Let m be (4/(-5))/((-4)/(-230)). Let d = 37 - m. Is d a prime number?
True
Let m be (-4)/(-6) + (-65)/(-15). Suppose m*p - 499 = 206. Is p prime?
False
Let b = -10 + 6. Let v be (-2)/b + 204/8. Suppose 3*d + v = 68. Is d composite?
True
Suppose 3*q = -3*o - 9, -6*q = -5*o - 4*q - 1. Let s be (0 - -2)*4/o. Let r(v) = v + 19. Is r(s) prime?
True
Let h(k) = 5*k**2 - 1. Let w = -4 - -3. Let d be h(w). Suppose 10 + d = i. Is i composite?
True
Let x = 945 + -466. Is x a composite number?
False
Suppose -2*a + 4*h + 214 = 0, -410 = -4*a - 8*h + 7*h. Is a composite?
False
Let i be (-4)/((-32)/294)*4. Suppose -2*t - i + 41 = 0. Let v = -22 - t. Is v a composite number?
False
Let n(y) = 3*y - 7. Let u be n(5). Suppose -48 + u = -4*h. Let z = h + 9. Is z a prime number?
True
Let r be (4/3)/(12/18). Suppose -7*x = 2*z - r*x - 153, -z + 3*x = -82. Is z prime?
True
Let m(n) = 33*n**3 - 4*n - 2. Is m(3) composite?
False
Let p = 0 - -8. Suppose -9*d + p*d + 479 = 0. Is d a composite number?
False
Is (-4 - -1) + 0 + 50 composite?
False
Let k = 386 + -241. Is k composite?
True
Let o = 267 - -296. Is o composite?
False
Let g = 160 + -103. Is g a composite number?
True
Let f be 15*1*(-2)/6. Is 1/f + (-8768)/(-40) a prime number?
False
Suppose 0 = -c - 2*s + 3, 4*c + 0*c - 12 = 4*s. Let r = 16 - 13. Suppose -120 = -2*f + 5*i, r*i + 162 = c*f - 9. Is f composite?
True
Let g be (-1)/6 + (-1418)/(-12). Let s = g + 234. Suppose -3*d - 4*r = -271, -2*d + s = 2*d + 3*r. Is d a prime number?
False
Let c = -4 + 59. Is c prime?
False
Let w(s) = s**2 + 9*s + 15. Let u be w(-11). Suppose 0 = q + u - 126. Is q a prime number?
True
Let k(z) = z**3 + 7*z**2 - 2*z - 4. Let m be k(-7). Let b be m/((-22)/(-12) - 2). Let w = b - -107. Is w composite?
False
Let j = -21 - -9. Is ((-4)/j)/((-2)/(-228)) composite?
True
Suppose -f + 282 = 69. Is f composite?
True
Suppose -7*r + 3014 = 963. Is r prime?
True
Let n = 446 - 241. Is n a prime number?
False
Suppose -4*b + 7409 = -2335. Suppose 3*o - b = -o. Suppose -4*u = -7*u + o. Is u prime?
False
Suppose 34 = -s + 7. Let b = s + 11. Is 4/b + 106/8 a composite number?
False
Let q be (2 + -3)*7 - -3. Is -1*(-1)/(q/(-172)) prime?
True
Suppose -2*p + o + 1318 = 0, -2*p + 4*o = 2*p - 2636. Is p a prime number?
True
Suppose f - 2*w = 10, f - 20 = 3*f + 4*w. Let c be 1*-2 - f - -11. Suppose y - c = 5. Is y a composite number?
True
Suppose -3*o + 3*q = -105, 3*q + 178 = 5*o - q. Let t = o - 15. Let a = -4 + t. Is a composite?
False
Let y = 321 + -153. Let i = y - 118. Suppose -w = -15 - i. Is w a composite number?
True
Let z = 11 - 7. Suppose 1527 = -c + z*c. Is c a composite number?
False
Suppose -3*w = 2*w. Is 63 + w + -10 + 12 composite?
True
Suppose 0 = -2*v + 2 + 2. Suppose -5*f = 5, 1 = s - 0*s + v*f. Suppose m + s*m = 204. Is m a composite number?
True
Let r = 1038 - -323. Is r prime?
True
Let g(l) = -l**2 - 15*l + 17. Is g(-9) a prime number?
True
Let y be -2*(-1 + (-303)/6). Suppose 4*c - 323 = -y. Is c a composite number?
True
Let f = -7 - -38. Is f composite?
False
Let w(r) = 10*r**3 + 10*r**2 - r + 6. Is w(11) a composite number?
True
Let a(f) = -54*f**3 - 2*f**2 + f. Let m be a(-2). Is (4 + -2)*m/4 prime?
True
Let g(j) = -5*j + 3. Let p be g(-6). Suppose 0*x - 3